{"id":23,"date":"2022-04-07T02:15:40","date_gmt":"2022-04-07T05:15:40","guid":{"rendered":"http:\/\/abhd.org.br\/?page_id=23"},"modified":"2022-04-30T01:53:07","modified_gmt":"2022-04-30T04:53:07","slug":"atividades","status":"publish","type":"page","link":"https:\/\/abhd.org.br\/?page_id=23","title":{"rendered":"Atividades"},"content":{"rendered":"\t\t<div data-elementor-type=\"wp-page\" data-elementor-id=\"23\" class=\"elementor elementor-23\">\n\t\t\t\t\t\t\t\t\t<section class=\"elementor-section elementor-top-section elementor-element elementor-element-539f388 elementor-section-height-min-height elementor-section-boxed elementor-section-height-default elementor-section-items-middle\" data-id=\"539f388\" data-element_type=\"section\" data-settings=\"{&quot;background_background&quot;:&quot;classic&quot;}\">\n\t\t\t\t\t\t<div class=\"elementor-container elementor-column-gap-default\">\n\t\t\t\t\t<div class=\"elementor-column elementor-col-100 elementor-top-column elementor-element elementor-element-fb769a6\" data-id=\"fb769a6\" data-element_type=\"column\">\n\t\t\t<div class=\"elementor-widget-wrap elementor-element-populated\">\n\t\t\t\t\t\t\t\t<div class=\"elementor-element elementor-element-76d4a7b elementor-widget elementor-widget-heading\" data-id=\"76d4a7b\" data-element_type=\"widget\" data-widget_type=\"heading.default\">\n\t\t\t\t<div class=\"elementor-widget-container\">\n\t\t\t<style>\/*! elementor - v3.6.2 - 04-04-2022 *\/\n.elementor-heading-title{padding:0;margin:0;line-height:1}.elementor-widget-heading .elementor-heading-title[class*=elementor-size-]>a{color:inherit;font-size:inherit;line-height:inherit}.elementor-widget-heading .elementor-heading-title.elementor-size-small{font-size:15px}.elementor-widget-heading .elementor-heading-title.elementor-size-medium{font-size:19px}.elementor-widget-heading .elementor-heading-title.elementor-size-large{font-size:29px}.elementor-widget-heading .elementor-heading-title.elementor-size-xl{font-size:39px}.elementor-widget-heading .elementor-heading-title.elementor-size-xxl{font-size:59px}<\/style><h2 class=\"elementor-heading-title elementor-size-default\">Atividades<\/h2>\t\t<\/div>\n\t\t\t\t<\/div>\n\t\t\t\t\t<\/div>\n\t\t<\/div>\n\t\t\t\t\t\t\t<\/div>\n\t\t<\/section>\n\t\t\t\t<section class=\"elementor-section elementor-top-section elementor-element elementor-element-f87ae55 elementor-section-boxed elementor-section-height-default elementor-section-height-default\" data-id=\"f87ae55\" data-element_type=\"section\">\n\t\t\t\t\t\t<div class=\"elementor-container elementor-column-gap-wider\">\n\t\t\t\t\t<div class=\"elementor-column elementor-col-100 elementor-top-column elementor-element elementor-element-ebd75e6\" data-id=\"ebd75e6\" data-element_type=\"column\">\n\t\t\t<div class=\"elementor-widget-wrap elementor-element-populated\">\n\t\t\t\t\t\t\t\t<div class=\"elementor-element elementor-element-0183522 content-align-cta-default elementor-widget elementor-widget-eael-cta-box\" data-id=\"0183522\" data-element_type=\"widget\" data-widget_type=\"eael-cta-box.default\">\n\t\t\t\t<div class=\"elementor-widget-container\">\n\t\t\t\t\t<div class=\"eael-call-to-action cta-basic bg-img bg-fixed cta-preset-2\">\n        <h4 class=\"sub-title\">Evento<\/h4><h2 class=\"title\">III Congresso Internacional em Humanidades Digitais da Cidade do Rio de Janeiro (HDRio2023)<\/h2><p><p>O HDRio2023 ser\u00e1 realizado na Cidade do Rio de Janeiro em torno do\u00a0 tema \u201cGambiarras Digitais \u2013 Arte, Ci\u00eancia e Pol\u00edtica na Era do Pluriverso\u201d.<\/p><\/p><a href=\"https:\/\/www.even3.com.br\/hdrio2023\/\" class=\"cta-button cta-btn-preset-1 \">Acesse aqui<\/a>\t<\/div>\n\t\t\t\t\t\t<\/div>\n\t\t\t\t<\/div>\n\t\t\t\t\t<\/div>\n\t\t<\/div>\n\t\t\t\t\t\t\t<\/div>\n\t\t<\/section>\n\t\t\t\t<section class=\"elementor-section elementor-top-section elementor-element elementor-element-ea5eb7e elementor-section-boxed elementor-section-height-default elementor-section-height-default\" data-id=\"ea5eb7e\" data-element_type=\"section\">\n\t\t\t\t\t\t<div class=\"elementor-container elementor-column-gap-wider\">\n\t\t\t\t\t<div class=\"elementor-column elementor-col-100 elementor-top-column elementor-element elementor-element-4e8b777\" data-id=\"4e8b777\" data-element_type=\"column\">\n\t\t\t<div class=\"elementor-widget-wrap elementor-element-populated\">\n\t\t\t\t\t\t\t\t<div class=\"elementor-element elementor-element-0f8d955 content-align-cta-default elementor-widget elementor-widget-eael-cta-box\" data-id=\"0f8d955\" data-element_type=\"widget\" data-widget_type=\"eael-cta-box.default\">\n\t\t\t\t<div class=\"elementor-widget-container\">\n\t\t\t\t\t<div class=\"eael-call-to-action cta-basic bg-img bg-fixed cta-preset-2\">\n        <h4 class=\"sub-title\">Evento<\/h4><h2 class=\"title\">II Congresso Internacional em Humanidades Digitais da Cidade do Rio de Janeiro (HDRio20\/21)<\/h2><p><p>Com o tema \u201cEncruzilhadas Contempor\u00e2neas\u201d, o HDRio20\/21 teve a participa\u00e7\u00e3o de diversos pensadores, pesquisadores, artistas, entre outros para\u00a0 refletir sobre as encruzilhadas para a vida na contemporaneidade.<\/p><\/p><a href=\"https:\/\/bibliotecadigital.fgv.br\/dspace\/handle\/10438\/25729\" class=\"cta-button cta-btn-preset-1 \">Acesse aqui<\/a>\t<\/div>\n\t\t\t\t\t\t<\/div>\n\t\t\t\t<\/div>\n\t\t\t\t\t<\/div>\n\t\t<\/div>\n\t\t\t\t\t\t\t<\/div>\n\t\t<\/section>\n\t\t\t\t<section class=\"elementor-section elementor-top-section elementor-element elementor-element-d0f95b0 elementor-section-boxed elementor-section-height-default elementor-section-height-default\" data-id=\"d0f95b0\" data-element_type=\"section\">\n\t\t\t\t\t\t<div class=\"elementor-container elementor-column-gap-wider\">\n\t\t\t\t\t<div class=\"elementor-column elementor-col-100 elementor-top-column elementor-element elementor-element-0692111\" data-id=\"0692111\" data-element_type=\"column\">\n\t\t\t<div class=\"elementor-widget-wrap elementor-element-populated\">\n\t\t\t\t\t\t\t\t<div class=\"elementor-element elementor-element-7b16415 content-align-cta-default elementor-widget elementor-widget-eael-cta-box\" data-id=\"7b16415\" data-element_type=\"widget\" data-widget_type=\"eael-cta-box.default\">\n\t\t\t\t<div class=\"elementor-widget-container\">\n\t\t\t\t\t<div class=\"eael-call-to-action cta-basic bg-img bg-fixed cta-preset-2\">\n        <h4 class=\"sub-title\">Evento<\/h4><h2 class=\"title\">I Congresso Internacional em Humanidades Digitais no Rio de Janeiro - 2018<\/h2><p><p>Os anais do Congresso est\u00e1 dispon\u00edvel com os trabalhos apresentados na modalidades de comunica\u00e7\u00e3o coordenada e sess\u00e3o de p\u00f4steres.<\/p><\/p><a href=\"https:\/\/bibliotecadigital.fgv.br\/dspace\/handle\/10438\/25729\" class=\"cta-button cta-btn-preset-1 \">Acesse aqui<\/a>\t<\/div>\n\t\t\t\t\t\t<\/div>\n\t\t\t\t<\/div>\n\t\t\t\t\t<\/div>\n\t\t<\/div>\n\t\t\t\t\t\t\t<\/div>\n\t\t<\/section>\n\t\t\t\t<section class=\"elementor-section elementor-top-section elementor-element elementor-element-49bccc2 elementor-section-boxed elementor-section-height-default elementor-section-height-default\" data-id=\"49bccc2\" data-element_type=\"section\">\n\t\t\t\t\t\t<div class=\"elementor-container elementor-column-gap-default\">\n\t\t\t\t\t<div class=\"elementor-column elementor-col-100 elementor-top-column elementor-element elementor-element-f75c2c7\" data-id=\"f75c2c7\" data-element_type=\"column\">\n\t\t\t<div class=\"elementor-widget-wrap elementor-element-populated\">\n\t\t\t\t\t\t\t\t<div class=\"elementor-element elementor-element-570cd2b elementor-widget elementor-widget-spacer\" data-id=\"570cd2b\" data-element_type=\"widget\" data-widget_type=\"spacer.default\">\n\t\t\t\t<div class=\"elementor-widget-container\">\n\t\t\t<style>\/*! elementor - v3.6.2 - 04-04-2022 *\/\n.e-container.e-container--row .elementor-spacer-inner{width:var(--spacer-size)}.e-container.e-container--column .elementor-spacer-inner,.elementor-column .elementor-spacer-inner{height:var(--spacer-size)}<\/style>\t\t<div class=\"elementor-spacer\">\n\t\t\t<div class=\"elementor-spacer-inner\"><\/div>\n\t\t<\/div>\n\t\t\t\t<\/div>\n\t\t\t\t<\/div>\n\t\t\t\t\t<\/div>\n\t\t<\/div>\n\t\t\t\t\t\t\t<\/div>\n\t\t<\/section>\n\t\t\t\t\t\t\t<\/div>\n\t\t","protected":false},"excerpt":{"rendered":"<p>Atividades Evento III Congresso Internacional em Humanidades Digitais da Cidade do Rio de Janeiro (HDRio2023) O HDRio2023 ser\u00e1 realizado na Cidade do Rio de Janeiro em torno do\u00a0 tema \u201cGambiarras Digitais \u2013 Arte, Ci\u00eancia e Pol\u00edtica na Era do Pluriverso\u201d. Acesse aqui Evento II Congresso Internacional em Humanidades Digitais da Cidade do Rio de Janeiro &hellip;<\/p>\n<p class=\"read-more\"> <a class=\"\" href=\"https:\/\/abhd.org.br\/?page_id=23\"> <span class=\"screen-reader-text\">Atividades<\/span> Read More &raquo;<\/a><\/p>\n","protected":false},"author":1,"featured_media":0,"parent":0,"menu_order":0,"comment_status":"closed","ping_status":"closed","template":"","meta":{"site-sidebar-layout":"no-sidebar","site-content-layout":"page-builder","ast-main-header-display":"","ast-hfb-above-header-display":"","ast-hfb-below-header-display":"","ast-hfb-mobile-header-display":"","site-post-title":"disabled","ast-breadcrumbs-content":"","ast-featured-img":"disabled","footer-sml-layout":"","theme-transparent-header-meta":"","adv-header-id-meta":"","stick-header-meta":"","header-above-stick-meta":"","header-main-stick-meta":"","header-below-stick-meta":"","footnotes":""},"class_list":["post-23","page","type-page","status-publish","hentry"],"_links":{"self":[{"href":"https:\/\/abhd.org.br\/index.php?rest_route=\/wp\/v2\/pages\/23","targetHints":{"allow":["GET"]}}],"collection":[{"href":"https:\/\/abhd.org.br\/index.php?rest_route=\/wp\/v2\/pages"}],"about":[{"href":"https:\/\/abhd.org.br\/index.php?rest_route=\/wp\/v2\/types\/page"}],"author":[{"embeddable":true,"href":"https:\/\/abhd.org.br\/index.php?rest_route=\/wp\/v2\/users\/1"}],"replies":[{"embeddable":true,"href":"https:\/\/abhd.org.br\/index.php?rest_route=%2Fwp%2Fv2%2Fcomments&post=23"}],"version-history":[{"count":7,"href":"https:\/\/abhd.org.br\/index.php?rest_route=\/wp\/v2\/pages\/23\/revisions"}],"predecessor-version":[{"id":174,"href":"https:\/\/abhd.org.br\/index.php?rest_route=\/wp\/v2\/pages\/23\/revisions\/174"}],"wp:attachment":[{"href":"https:\/\/abhd.org.br\/index.php?rest_route=%2Fwp%2Fv2%2Fmedia&parent=23"}],"curies":[{"name":"wp","href":"https:\/\/api.w.org\/{rel}","templated":true}]}}